{"id":2967,"date":"2026-02-07T12:46:29","date_gmt":"2026-02-07T11:46:29","guid":{"rendered":"https:\/\/neu.online-charter.com\/yacht\/yate-clasico-2\/"},"modified":"2026-08-27T16:53:17","modified_gmt":"2026-08-27T14:53:17","slug":"yate-clasico-2","status":"publish","type":"yacht","link":"https:\/\/online-charter.com\/es\/yates\/yate-clasico-2\/","title":{"rendered":"Bavaria C45"},"content":{"rendered":"<p><span dir=\"auto\"><span class=\"\" dir=\"auto\">Esta excursi\u00f3n de un d\u00eda es mucho m\u00e1s que un simple paseo en barco: es una experiencia \u00abtodo incluido\u00bb que te transportar\u00e1 a una \u00e9poca en la que reinan la relajaci\u00f3n absoluta, una profunda conexi\u00f3n con la belleza de la naturaleza que te rodea y una sensaci\u00f3n de paz y tranquilidad que es dif\u00edcil de encontrar en otros lugares.<\/span><\/span><\/p>\n<p><span dir=\"auto\">Imagina el suave balanceo de la embarcaci\u00f3n, el murmullo de las olas, el silencio del motor y la brisa fresca: todo ello crea un ambiente incre\u00edblemente relajante mientras tomas el sol en cubierta o te relajas a la sombra del toldo.<\/span><\/p>\n<p><span dir=\"auto\">Aunque muchos prefieren la velocidad de una lancha a motor, te invitamos a disfrutar de la forma perfecta de desconectar y a crear recuerdos maravillosos con tus seres queridos; al fin y al cabo, \u00bfno es ese el sentido de cualquier viaje?<\/span><\/p>\n<p><span dir=\"auto\"><span class=\"\" dir=\"auto\">Tu viaje empieza en el puerto deportivo de <a class=\"wpil_keyword_link\" title=\"Cala d'Or\" href=\"https:\/\/online-charter.com\/es\/puerto\/cala-d-or\/\" data-wpil-keyword-link=\"linked\" data-wpil-monitor-id=\"363\">Cala d&#8217;Or<\/a>, donde nuestra tripulaci\u00f3n, amable y profesional, te dar\u00e1 la bienvenida a bordo de nuestro velero. Te espera una experiencia de navegaci\u00f3n segura y c\u00f3moda, con mucho espacio en cubierta para tumbarte y ponerte un bonito bronceado mientras navegas.<\/span><\/span><\/p>\n<p><span dir=\"auto\">Adem\u00e1s de los emocionantes tramos de navegaci\u00f3n, durante el recorrido tendr\u00e1s muchas oportunidades para tomarte una bebida refrescante, hacer fotos del espectacular paisaje, tirarte al agua, nadar y hacer snorkel en las c\u00e1lidas aguas de color turquesa. Y, por supuesto, a bordo podr\u00e1s disfrutar de nuestro delicioso buf\u00e9 mediterr\u00e1neo. Las bebidas est\u00e1n incluidas.<\/span><\/p>\n<p><span dir=\"auto\"><span class=\"\" dir=\"auto\">Al final del crucero, volver\u00e1s al puerto con recuerdos inolvidables que te acompa\u00f1ar\u00e1n toda la vida.  <\/span><\/span><br \/>\n<span dir=\"auto\"><span class=\"\" dir=\"auto\">Este viaje es ideal para parejas, amigos, familias y grupos de hasta 12 personas.<\/span><\/span><\/p>\n","protected":false},"excerpt":{"rendered":"<p>Vive un d\u00eda inolvidable en el Mediterr\u00e1neo a bordo de este elegante velero, que lleva muchos a\u00f1os navegando por la hermosa costa sureste de Mallorca, alrededor de Cala d&#8217;Or. Este velero cl\u00e1sico y encantador tiene unos 16 metros de eslora, es de tipo ketch y ofrece espacio para &#8230;<\/p>\n","protected":false},"featured_media":27603,"template":"","meta":{"_seopress_titles_title":"Alquiler de veleros Mallorca - Experiencia Vita-Bel","_seopress_titles_desc":"Experimenta un exclusivo viaje en velero por Mallorca: Vita-Bel desde Cala d'Or con tripulaci\u00f3n, paradas para nadar y charter al atardecer: puro placer mediterr\u00e1neo.","_seopress_robots_index":"","_seopress_robots_follow":"","_seopress_robots_imageindex":"","_seopress_robots_snippet":"","_seopress_robots_primary_cat":"","_seopress_robots_breadcrumbs":"","_seopress_robots_freeze_modified_date":"","_seopress_robots_custom_modified_date":"","_seopress_robots_canonical":"","_seopress_social_fb_title":"Sue\u00f1o de navegaci\u00f3n en Mallorca: \u00a1tu d\u00eda perfecto!","_seopress_social_fb_desc":"Vive Mallorca desde el mar: Velero exclusivo, bah\u00edas cristalinas y puestas de sol m\u00e1gicas. \u00a1Reserva ahora el alquiler de tus sue\u00f1os y disfruta de momentos inolvidables!","_seopress_social_fb_img":"","_seopress_social_fb_img_attachment_id":0,"_seopress_social_fb_img_width":0,"_seopress_social_fb_img_height":0,"_seopress_social_twitter_title":"","_seopress_social_twitter_desc":"","_seopress_social_twitter_img":"","_seopress_social_twitter_img_attachment_id":0,"_seopress_social_twitter_img_width":0,"_seopress_social_twitter_img_height":0,"_seopress_redirections_value":"","_seopress_redirections_enabled":"","_seopress_redirections_enabled_regex":"","_seopress_redirections_logged_status":"ambos","_seopress_redirections_param":"","_seopress_redirections_type":301,"_seopress_analysis_target_kw":"","_seopress_news_disabled":"","_seopress_video_disabled":"","_seopress_video":[],"_seopress_pro_schemas_manual":[],"_seopress_pro_rich_snippets_disable_all":"","_seopress_pro_rich_snippets_disable":[],"_seopress_pro_schemas":[]},"hafen":[48],"yachttyp":[71],"anzahlgaeste":[78],"class_list":["post-2967","yacht","type-yacht","status-publish","has-post-thumbnail","hentry","hafen-cala-d-or","yachttyp-velero","anzahlgaeste-hasta-12-pasajeros"],"_links":{"self":[{"href":"https:\/\/online-charter.com\/es\/wp-json\/wp\/v2\/yacht\/2967","targetHints":{"allow":["GET"]}}],"collection":[{"href":"https:\/\/online-charter.com\/es\/wp-json\/wp\/v2\/yacht"}],"about":[{"href":"https:\/\/online-charter.com\/es\/wp-json\/wp\/v2\/types\/yacht"}],"wp:featuredmedia":[{"embeddable":true,"href":"https:\/\/online-charter.com\/es\/wp-json\/wp\/v2\/media\/27603"}],"wp:attachment":[{"href":"https:\/\/online-charter.com\/es\/wp-json\/wp\/v2\/media?parent=2967"}],"wp:term":[{"taxonomy":"hafen","embeddable":true,"href":"https:\/\/online-charter.com\/es\/wp-json\/wp\/v2\/hafen?post=2967"},{"taxonomy":"yachttyp","embeddable":true,"href":"https:\/\/online-charter.com\/es\/wp-json\/wp\/v2\/yachttyp?post=2967"},{"taxonomy":"anzahlgaeste","embeddable":true,"href":"https:\/\/online-charter.com\/es\/wp-json\/wp\/v2\/anzahlgaeste?post=2967"}],"curies":[{"name":"wp","href":"https:\/\/api.w.org\/{rel}","templated":true}]}}

<p><span dir="auto"><span class="" dir="auto">Esta excursión de un día es mucho más que un simple paseo en barco: es una experiencia «todo incluido» que te transportará a una época en la que reinan la relajación absoluta, una profunda conexión con la belleza de la naturaleza que te rodea y una sensación de paz y tranquilidad que es difícil de encontrar en otros lugares.</span></span></p>
<p><span dir="auto">Imagina el suave balanceo de la embarcación, el murmullo de las olas, el silencio del motor y la brisa fresca: todo ello crea un ambiente increíblemente relajante mientras tomas el sol en cubierta o te relajas a la sombra del toldo.</span></p>
<p><span dir="auto">Aunque muchos prefieren la velocidad de una lancha a motor, te invitamos a disfrutar de la forma perfecta de desconectar y a crear recuerdos maravillosos con tus seres queridos; al fin y al cabo, ¿no es ese el sentido de cualquier viaje?</span></p>
<p><span dir="auto"><span class="" dir="auto">Tu viaje empieza en el puerto deportivo de <a class="wpil_keyword_link" title="Cala d'Or" href="https://online-charter.com/es/puerto/cala-d-or/" data-wpil-keyword-link="linked" data-wpil-monitor-id="363">Cala d&#8217;Or</a>, donde nuestra tripulación, amable y profesional, te dará la bienvenida a bordo de nuestro velero. Te espera una experiencia de navegación segura y cómoda, con mucho espacio en cubierta para tumbarte y ponerte un bonito bronceado mientras navegas.</span></span></p>
<p><span dir="auto">Además de los emocionantes tramos de navegación, durante el recorrido tendrás muchas oportunidades para tomarte una bebida refrescante, hacer fotos del espectacular paisaje, tirarte al agua, nadar y hacer snorkel en las cálidas aguas de color turquesa. Y, por supuesto, a bordo podrás disfrutar de nuestro delicioso bufé mediterráneo. Las bebidas están incluidas.</span></p>
<p><span dir="auto"><span class="" dir="auto">Al final del crucero, volverás al puerto con recuerdos inolvidables que te acompañarán toda la vida.  </span></span><br />
<span dir="auto"><span class="" dir="auto">Este viaje es ideal para parejas, amigos, familias y grupos de hasta 12 personas.</span></span></p>

<p>Vive un día inolvidable en el Mediterráneo a bordo de este elegante velero, que lleva muchos años navegando por la hermosa costa sureste de Mallorca, alrededor de Cala d&#8217;Or. Este velero clásico y encantador tiene unos 16 metros de eslora, es de tipo ketch y ofrece espacio para &#8230;</p>

Experimenta un exclusivo viaje en velero por Mallorca: Vita-Bel desde Cala d'Or con tripulación, paradas para nadar y charter al atardecer: puro placer mediterráneo.

Sueño de navegación en Mallorca: ¡tu día perfecto!

Vive Mallorca desde el mar: Velero exclusivo, bahías cristalinas y puestas de sol mágicas. ¡Reserva ahora el alquiler de tus sueños y disfruta de momentos inolvidables!
